*5/6 + g**4/12 + g**3/6 - 4*g**2. Let x(p) = -p**2 + 4*p + 4. Let r be x(5). What is the units digit of h(r)?
9
Let d be 16/24*(-30)/(-2). Suppose 5*b - d = 45. What is the tens digit of b?
1
Let d(v) = 3*v**2 - 1. Let w be d(-1). What is the units digit of ((-28)/(-6))/(w/3)?
7
Let c(f) = -f**2 - 14*f - 12. Let d be c(-5). What is the tens digit of 2/6 + 1441/d?
4
Let g(y) = -y**3 + 5*y**2 - 3. Let j be g(4). Let z = -1 + j. Suppose z - 2 = 5*d. What is the units digit of d?
2
Let a(f) = -7*f**2 - f - 1. Let v(o) = 8*o**2 + o + 1. Let t(h) = 4*a(h) + 5*v(h). What is the units digit of t(-1)?
2
What is the tens digit of 57 + 0/(-3 + (-2 - -3))?
5
Suppose 3*x - 148 - 2 = -4*s, 0 = 4*s. What is the tens digit of x?
5
Let s = 128 + -46. What is the tens digit of s?
8
Suppose -5 = -q + 5*w, 4*q + 0 = -3*w - 3. Suppose -8 = -q*v + 4*v. What is the units digit of (-7 + 4)*(v - 1)?
9
Let h(t) = -3*t + 4. Let l be (16/12)/((-3)/(-9)). Let z be h(l). Let u(q) = -3*q - 7. What is the tens digit of u(z)?
1
Let s(g) = g + 11. Let a be 10*3/(-3) - -2. Let t be s(a). Suppose -6 = -t*z - 4*w + 6, -2*z + 5*w + 31 = 0. What is the units digit of z?
8
Let k(q) = 3*q**3 - q**2 - 2*q. Let y be k(2). Let v = y - 10. What is the units digit of v?
6
Suppose -2*l + 67 = 3*k, 3*l - 3*k = -4*k + 90. What is the units digit of l?
9
Let q = 8 - 8. Suppose h - 3*l - 20 = q, -l = -2*h + 3*l + 34. What is the tens digit of h?
1
Let l(g) = -2*g - 2. Let a be l(-2). Suppose a*x = 3*y + 30, 4*y - 2*y + 4 = -4*x. What is the units digit of y*2/8*-2?
4
Suppose 0*b = -4*l - b - 21, -9 = 2*l + b. Let d(y) = -y**2 - 10*y - 7. What is the tens digit of d(l)?
1
Suppose -65 = -5*c - 5*f, 3*f = -c - 3*c + 49. Let m be (-3)/(-2)*c/15. Suppose 0*v + 3*v - s - m = 0, 3*s = v + 13. What is the units digit of v?
2
Suppose 5*h - 3*f = 186, -3*h = 4*f - f - 102. What is the units digit of h?
6
Let l(r) = -r**2 - 9*r - 9. Let b be l(-7). What is the units digit of (b/15)/((-2)/(-228))?
8
Suppose -687 = -18*t + 5217. What is the tens digit of t?
2
Let m = -25 + 117. What is the units digit of (-2)/(-6) - m/(-12)?
8
Let u(h) = -h**2 - 4*h - 1. Let d be u(-3). Suppose 6 = 5*x - 2*x. Suppose -x*t + 16 = d*t. What is the units digit of t?
4
Let i = 8 - 14. Let c be ((-30)/(-9))/(i/(-9)). What is the tens digit of (c - 1)*(1 + 2)?
1
Let a be ((-18)/(3 + -6))/1. Let n(l) = -l + 3. Let w be n(a). What is the tens digit of 21*(3/w)/(-1)?
2
Suppose 9 = 2*c + c. Let v(y) be the first derivative of y**3/3 + 3*y**2/2 - 4*y + 1. What is the units digit of v(c)?
4
What is the units digit of -4*((-45)/6)/3?
0
Suppose d - 1 + 12 = 4*m, 2*d + m = 5. What is the tens digit of (-12 + 5)/(d/(-3))?
2
Let i(l) = 5*l**2 + 2*l + 3. What is the tens digit of i(-2)?
1
Let i = 67 + -32. Suppose 0*g + 5*g - i = 0. What is the units digit of g?
7
Let p be (-2 + (-6)/(-3))*1. Let i(v) = v**3 + v**2 - v - 2. Let d be i(p). What is the units digit of 22 - -1*d/1?
0
Suppose -v - 10 = -5*a, -3*v - 4 = -4*a + 15. Let b be (a - (1 + -2))*1. Let d = b + 2. What is the units digit of d?
4
Let s = -10 + 42. What is the tens digit of s?
3
Suppose -3*k - 3*y = -105, 10 = 4*y - 6. Let u = -7 + k. What is the tens digit of u?
2
Let x = 11 + 29. What is the tens digit of x?
4
Suppose -83 = -5*y + 4*y. What is the tens digit of y?
8
Suppose 1 = -r + 2*r. Let k(j) = 32*j. What is the tens digit of k(r)?
3
Let i(a) = 4*a**2 + 10*a - 9. Let d(o) = o**2. Let y(p) = 5*d(p) - i(p). Let s be y(6). Let u = 22 + s. What is the units digit of u?
7
Suppose 0 = 5*b + 7 - 2. Let n be (9/6)/(b/(-2)). Suppose 5*w = i + i + 72, -n*i - 73 = -5*w. What is the units digit of w?
4
Let s(t) = 6*t**2 - 15*t + 1. What is the hundreds digit of s(6)?
1
Let n(d) = d**2 - 11*d + 10. Let y be n(10). Suppose y = 2*u - u - 24. What is the units digit of u?
4
Suppose 9*v + v - 120 = 0. What is the units digit of v?
2
Suppose 0 = 3*h - 3 + 54. Let v = -1 - h. What is the units digit of v?
6
Let x = 510 + -175. Suppose -2*i + 35 = v - 7*i, -3*v + 67 = 4*i. What is the units digit of x/v - 3/(-5)?
4
Suppose 0 = 4*k - 2*s - 28, -k + 2*k - 2*s = 13. Suppose k*f - 25 - 15 = 0. What is the units digit of f?
8
Let f(r) = 4*r**2 - 2*r. Let c be f(2). Let n be 3/(-2)*(-16)/c. Suppose 3*h - 3 = 0, z - n*h + 16 = 2*z. What is the units digit of z?
4
Let p be ((-16)/10)/(3/(-15)). Let j(h) be the first derivative of h**3/3 - 9*h**2/2 + 11*h - 4. What is the units digit of j(p)?
3
Let x = 9 - 5. Let g(w) = -w + 5. Let v be g(x). What is the units digit of ((-3)/(-9))/(v/12)?
4
Let i = 5 + -3. Suppose 3*c = 4*c - i. What is the units digit of c?
2
Suppose 0 = 6*y - 8*y + 8. Let k be 2/y - (-18)/4. Suppose -2*j + 2*i + 10 = 6*i, -k*j - 5*i + 30 = 0. What is the units digit of j?
7
Let q(l) = -3*l**2 - 5*l + 9. Let i(v) = 8*v + 3*v**2 + 3*v**2 - 2*v**2 - 13. Let u(s) = -5*i(s) - 7*q(s). What is the units digit of u(6)?
8
Suppose -x + 760 = -5*x. What is the tens digit of 6/4*x/(-15)?
1
Let k = 32 + -6. What is the units digit of k?
6
Let v(n) be the second derivative of n**3/6 + 11*n**2/2 - n. What is the units digit of v(-5)?
6
What is the hundreds digit of ((-1688)/(-6))/(18/27)?
4
Let w = 5 + 0. Suppose -w*p = 4*z - 4*p - 66, 0 = 3*p + 6. Let i = z + -8. What is the units digit of i?
9
Suppose 5*m - n + 27 = 207, n - 108 = -3*m. Suppose 0*p = -3*p + m. Suppose 0 = -3*u - p + 27. What is the units digit of u?
5
Let u = -12 - -21. Suppose -24 = 4*w + 8. Let g = w + u. What is the units digit of g?
1
Let z = -52 + 59. What is the units digit of z?
7
Suppose 6 = h + h. Suppose 16 = i + h*i. Suppose w = i*w - 36. What is the units digit of w?
2
Let y = -5 - -67. What is the units digit of y?
2
Let j be (-2 + (-51)/(-3))/(-1). Let h be j/(-25) - 34/(-10). Suppose h*m - 20 = 28. What is the units digit of m?
2
Let s be 1/(-2)*(0 - -22). Let n = s + 2. What is the units digit of n*((-3)/(-3) - 2)?
9
Let p(u) = -3*u + 3. Let l be p(4). Let i be (-66)/(-18) - 6/9. What is the units digit of (-1)/(3/(l*i))?
9
Let k = -5 - -8. Suppose k = t + 2*t. What is the units digit of t?
1
Let f(t) = t**2 + t + 4. What is the tens digit of f(4)?
2
Let f be (-4)/6 - 26/(-39). Suppose -g + 3*x + 14 = f, 4*g - 18 - 65 = 3*x. What is the tens digit of g?
2
Let h(a) = 44*a**2 + a + 1. Let l be h(-1). Let v = -23 + l. What is the tens digit of v?
2
Let n(b) = 36*b**2 - b - 1. What is the units digit of n(-1)?
6
Let d(z) = 3*z**2 + 5 - 4 - 6*z - 2*z**2. What is the tens digit of d(9)?
2
Let s be -2 + -1 - -9 - 2. Suppose s*z + 4*v = 60, 11 = z - 2*v - 13. What is the tens digit of z?
1
Suppose 0 = -3*y + 56 + 175. Suppose -2*h = -3*w - 83, -3*h + y = -2*w - 45. What is the units digit of 8/(-12) - h/(-6)?
6
Suppose 0 = -3*r - s + 8, 2*r - 8 = -0*r - 2*s. Let b be -2 - (-1 + (-3 - r)). Suppose -b = i - 12. What is the units digit of i?
8
Suppose 3*j = 5*j - 44. What is the tens digit of j?
2
Suppose 2*g = 31 + 119. Let w = g + -43. What is the units digit of w?
2
What is the tens digit of -3 + 5 + 108 + (3 - 2)?
1
Let b(x) = 323*x**2 - 6*x - 5. What is the tens digit of b(-1)?
2
Suppose -10*f - 104 = -6*f. Let l = f - -38. What is the units digit of l?
2
Suppose -5 = 3*s - 17. Let l = -6 + s. What is the units digit of l/(-2)*(0 + 1)?
1
Let h(x) = -2*x + 12. Let s be h(-9). Suppose 0 = -4*q + s + 38. Let b = -12 + q. What is the units digit of b?
5
Suppose 4*g - 3*t = 53, -g + 19 = g + t. Let o be -2 + -1*g/(-1). Suppose -o = -v + 5. What is the tens digit of v?
1
Suppose 275 + 121 = 2*g + 5*t, -t = -3*g + 628. What is the hundreds digit of g?
2
Let c = -19 - -91. What is the tens digit of c?
7
Let h be 0/((-2)/(4/(-6))). Suppose 2*c - 40 = 2*w, -3*c - w - 12 + 88 = h. What is the units digit of (4/(-3))/((-4)/c)?
8
Suppose 2*g = 2*a - 0*g - 616, -5*a - 4*g + 1549 = 0. What is the tens digit of a?
0
Let g(x) = -x + 2. Let a be g(0). Let j(v) = -v**2 + 9*v - 10. Let h be j(8). What is the units digit of 0/h + a/2?
1
Suppose 3*o + 3*f - 120 = 0, -2*f = o + f - 32. What is the units digit of o?
4
Let u(l) = l**2 - 11*l + 2. Let a be u(11). Suppose -2*z + 2 = 0, -a*w - 2*z + 61 = 3*z. What is the units digit of w?
8
Let a be 1/(-2*2/188). Let n = a - 2. What is the units digit of 2/(-7) + (-1043)/n?
1
Let i = -1